
35
What is the greatest common factor of 7479 and 798591?
831
Calculate the greatest common divisor of 1928295 and 73.
73
What is the highest common divisor of 544 and 235280?
272
What is the highest common divisor of 1037825 and 25?
25
What is the highest common divisor of 224 and 10392?
8
Calculate the highest common divisor of 9263 and 59.
59
Calculate the greatest common factor of 190 and 43570.
10
Calculate the highest common factor of 5304 and 12948.
156
Calculate the greatest common divisor of 321 and 366368.
107
Calculate the highest common divisor of 1781 and 832.
13
What is the highest common divisor of 882123 and 726?
33
Calculate the highest common divisor of 350 and 125118.
14
What is the highest common divisor of 207 and 963999?
207
Calculate the highest common divisor of 11562705 and 63.
63
Calculate the greatest common divisor of 15419231 and 1601.
1601
What is the greatest common factor of 825 and 39633?
33
Calculate the highest common factor of 352 and 14201.
11
What is the highest common factor of 28 and 2249534?
14
What is the highest common divisor of 22468 and 6068?
164
What is the highest common factor of 1948352 and 224?
224
What is the greatest common factor of 10272 and 152475?
321
Calculate the highest common divisor of 7730 and 2570.
10
What is the greatest common factor of 13090 and 535920?
770
What is the highest common divisor of 2294 and 9731?
37
Calculate the highest common factor of 117 and 81419.
13
What is the highest common divisor of 320390 and 20?
10
What is the highest common divisor of 7590 and 2255?
55
Calculate the highest common divisor of 93276 and 126.
18
Calculate the highest common divisor of 4267 and 1757.
251
What is the highest common divisor of 2204715 and 30?
15
What is the highest common divisor of 893908 and 1393?
199
What is the greatest common factor of 1298 and 15389?
11
What is the greatest common divisor of 1088 and 190128?
272
What is the highest common divisor of 206345 and 5?
5
What is the greatest common divisor of 688 and 2150?
86
Calculate the highest common factor of 2669 and 13502.
157
What is the highest common factor of 2946 and 1152?
6
What is the greatest common divisor of 959 and 735005?
137
Calculate the greatest common factor of 56 and 87752.
56
What is the greatest common divisor of 3768 and 1219576?
1256
Calculate the greatest common factor of 14775 and 111896.
197
Calculate the highest common factor of 2315789 and 668.
167
Calculate the greatest common divisor of 59536 and 64.
16
What is the greatest common divisor of 11040 and 21270?
30
Calculate the greatest common factor of 30 and 3677.
1
What is the greatest common divisor of 45078 and 198?
66
What is the greatest common divisor of 39461 and 1?
1
What is the greatest common divisor of 66 and 805146?
6
What is the highest common factor of 13195 and 1001?
91
What is the greatest common factor of 244468 and 42?
14
What is the greatest common divisor of 294918 and 1976?
494
What is the highest common factor of 88 and 27488?
8
What is the greatest common factor of 36 and 992?
4
Calculate the highest common factor of 26 and 84019.
13
What is the highest common factor of 43080 and 160?
40
What is the greatest common divisor of 6834 and 25996?
134
What is the highest common factor of 2318 and 30622?
122
Calculate the highest common divisor of 156480 and 640.
320
What is the highest common divisor of 522 and 844335?
261
What is the highest common factor of 1349 and 213781?
71
What is the greatest common factor of 41125 and 70?
35
What is the greatest common divisor of 948 and 14580?
12
What is the greatest common divisor of 88 and 21351?
11
Calculate the highest common divisor of 71120 and 30.
10
Calculate the highest common divisor of 2516 and 68.
68
Calculate the greatest common factor of 27482 and 1510.
302
Calculate the highest common factor of 39 and 5279781.
39
Calculate the greatest common divisor of 16 and 35544.
8
Calculate the highest common factor of 389759 and 68.
17
Calculate the highest common factor of 750 and 56325.
75
Calculate the highest common divisor of 780 and 6980.
20
Calculate the greatest common factor of 7227 and 42924.
219
What is the highest common divisor of 6118 and 43378?
46
Calculate the greatest common factor of 5295 and 1296569.
353
Calculate the greatest common factor of 187 and 14113.
11
Calculate the highest common factor of 671118 and 798.
798
What is the highest common factor of 61524 and 153?
9
Calculate the greatest common divisor of 247 and 106894.
19
What is the greatest common divisor of 15 and 6625?
5
Calculate the greatest common divisor of 5 and 21577.
1
What is the highest common factor of 135 and 77915?
5
Calculate the greatest common divisor of 52726 and 59156.
1286
What is the greatest common factor of 16476 and 1280?
4
What is the greatest common factor of 13172 and 1628?
148
Calculate the highest common factor of 4959 and 115362.
261
Calculate the greatest common divisor of 143 and 23496.
11
What is the greatest common divisor of 747844 and 3441?
1147
What is the highest common factor of 76282 and 6966?
86
What is the greatest common divisor of 57 and 7809?
57
What is the highest common divisor of 4371589 and 3844?
961
What is the highest common divisor of 240 and 4019280?
240
What is the greatest common divisor of 2880 and 954?
18
What is the greatest common divisor of 9501510 and 45?
15
What is the greatest common factor of 6302 and 368?
46
What is the highest common divisor of 112 and 267022?
14
Calculate the highest common factor of 357 and 4683.
21
What is the greatest common divisor of 138990 and 6560?
410
Calculate the highest common divisor of 912 and 345420.
228
What is the highest common factor of 9303 and 10189?
443
What is the highest common divisor of 42 and 222964?
14
Calculate the highest common factor of 105 and 318315.
15
Calculate the greatest common factor of 504 and 349992.
72
Calculate the highest common divisor of 5824 and 392.
56
What is the greatest common divisor of 2535 and 426387?
507
Calculate the greatest common factor of 5439 and 161875.
259
What is the greatest common divisor of 940 and 129062?
94
What is the greatest common factor of 68748 and 36?
12
What is the highest common factor of 160 and 2755?
5
What is the greatest common factor of 81 and 490914?
27
What is the highest common divisor of 38 and 1289?
1
Calculate the highest common divisor of 152 and 997120.
152
What is the highest common factor of 35705 and 14615?
185
Calculate the highest common divisor of 16950 and 310.
10
What is the highest common divisor of 97802 and 4?
2
What is the highest common factor of 340243 and 2825?
113
What is the highest common divisor of 378 and 3546?
18
What is the greatest common divisor of 6732 and 11968?
748
What is the greatest common factor of 1680 and 68784?
48
Calculate the highest common divisor of 225883 and 183.
61
What is the highest common divisor of 264 and 4530328?
88
Calculate the greatest common divisor of 66926 and 2456.
614
Calculate the greatest common factor of 445 and 109203.
89
What is the greatest common factor of 6290 and 5920?
370
Calculate the greatest common factor of 1786 and 332854.
94
What is the highest common factor of 13104 and 2832?
48
What is the highest common factor of 190021 and 4277?
611
What is the greatest common divisor of 16467 and 10527?
33
Calculate the greatest common factor of 18 and 637674.
6
Calculate the greatest common factor of 4460 and 35.
5
Calculate the highest common divisor of 1410 and 6990.
30
Calculate the greatest common divisor of 3634 and 6394.
46
Calculate the greatest common divisor of 3185 and 12005.
245
What is the greatest common divisor of 176 and 913?
11
What is the highest common factor of 30165 and 30?
15
Calculate the highest common factor of 3296 and 6386.
206
What is the highest common factor of 32 and 543952?
16
Calculate the greatest common divisor of 2245243 and 77.
77
What is the greatest common factor of 136 and 150739?
17
Calculate the greatest common factor of 725 and 106285.
145
Calculate the greatest common factor of 142 and 56090.
142
Calculate the greatest common factor of 621 and 999.
27
What is the highest common factor of 12398 and 320?
2
What is the high